{"id":1139,"date":"2015-07-06T14:26:05","date_gmt":"2015-07-06T14:26:05","guid":{"rendered":"http:\/\/condedelamonclova.wsisites.net\/?page_id=1139"},"modified":"2015-07-06T14:33:39","modified_gmt":"2015-07-06T14:33:39","slug":"la-familia-infantado","status":"publish","type":"page","link":"https:\/\/www.condedelamonclova.com\/?page_id=1139","title":{"rendered":"La familia Infantado"},"content":{"rendered":"<div class=\"caption\">\n<p>La familia Mendoza, originaria de Mendoza (\u00c1lava), es una de las m\u00e1s importantes e influyentes de la Historia de Espa\u00f1a. Sus principales t\u00edtulos nobiliarios son los de Duque del Infantado y Marqu\u00e9s de Santillana. Seg\u00fan narra el historiador espa\u00f1ol Luis Su\u00e1rez en su libro \u00abNobleza y Sociedad\u00bb, es de las pocas familias que ya eran nobles antes del siglo XIII y que sobreviven ese fat\u00eddico siglo de pestes y guerras civiles.<\/p>\n<p>La Casa del Infantado es una casa nobiliaria espa\u00f1ola, originaria de la Corona de Castilla. Su nombre proviene del ducado del Infantado, t\u00edtulo con Grandeza de Espa\u00f1a.<\/p>\n<p>El Ducado del Infantado es un t\u00edtulo nobiliario espa\u00f1ol concedido por los Reyes Cat\u00f3licos el 22 de julio de 1475 a Diego Hurtado de Mendoza, II Marqu\u00e9s de Santillana. En 1520 se le concedi\u00f3 la Grandeza de Espa\u00f1a de primera clase. Da nombre a la Casa del Infantado.<br \/>\nLos Reyes Cat\u00f3licos crearon tambi\u00e9n en 1479 el Condado de Salda\u00f1a, para que lo ostentaran los herederos del ducado del Infantado. En esos momentos, el hijo y heredero de Diego Hurtado de Mendoza, era \u00cd\u00f1igo L\u00f3pez de Mendoza, que se convirti\u00f3 en el I conde de Salda\u00f1a, despu\u00e9s II duque del Infantado.<\/p>\n<p>A partir de ese momento todos los herederos del ducado, han sido condes de Salda\u00f1a, ostentando tambi\u00e9n el Marquesado de Santillana, como primer t\u00edtulo que ostent\u00f3 la familia Mendoza.<\/p>\n<p>Don Diego Hurtado de Mendoza y Figueroa (1415 &#8211; 1479) era el primer hijo y heredero de Don I\u00f1igo L\u00f3pez de Mendoza (primer Marqu\u00e9s de Santillana) y fue llamado como su abuelo. Fue, pues, el segundo marqu\u00e9s de Santillana y Conde del Real de Manzanares. Naci\u00f3 en Guadalajara y muri\u00f3 en Manzanares el Real. De mozo su padre le envi\u00f3 a pacificar los valles de las Asturias de Santillana.\n<\/p>\n<p>Enrique IV no se llevaba bien con Diego y aunque primero le expulsara de Guadalajara en 1459, le concedi\u00f3 en 1460 el t\u00edtulo de Conde de Salda\u00f1a para los primog\u00e9nitos de su Casa (en pago al apoyo de los Mendoza) volviendo Diego a Guadalajara en 1462. Diego tambi\u00e9n luch\u00f3 en la frontera de Granada. <\/p>\n<p>Como todos los Mendoza fue primeramente partidario y guardi\u00e1n de la princesa Juana <strong>\u00abla Beltraneja\u00bb<\/strong>, pero tras el nombramiento de su hermano Pedro como Cardenal \u00e9ste se decant\u00f3 en 1473 hacia el bando de Isabel y Fernando, y tras una entrevista secreta con Fernando <strong>(camino de Dua\u00f1as \u00abanduvieron dos largas leguas a solas\u00bb)<\/strong> e Isabel (cerca de Segovia) Diego pasar\u00eda con toda su familia en mayo de 1474 a apoyar a los futuros Reyes Cat\u00f3licos. En estos \u00abtejemanejes pol\u00edticos\u00bb Diego sigui\u00f3 la l\u00ednea marcada por su hermano el Cardenal Pedro. <\/p>\n<p>En la guerra civil por la sucesi\u00f3n al trono al morir Enrique IV, su actuaci\u00f3n, fue agradecida por la Reina. Por ello uni\u00f3 en 1475 al t\u00edtulo (y las riquezas) de Marqu\u00e9s de Santillana el de Duque del Infantado, que posteriormente formar\u00eda parte de la llamada <strong>\u00abGrandeza de Espa\u00f1a de Primera Clase\u00bb<\/strong> y con derecho a cubrirse con un sombrero en presencia del Rey. El t\u00edtulo completo es <strong>\u00abDuque de las Cinco Villas del Estado del Infantado\u00bb<\/strong>, destacando entre esas villas las de Alcocer, Salmer\u00f3n y Valdeolivas. La divisa de los Duques era \u00abDar es se\u00f1or\u00edo, recibir es servidumbre\u00bb, indicando que por sus riquezas no necesitaban servir a un se\u00f1or m\u00e1s alto que ellos para recibir a cambio recompensa alguna. Los Mendoza capitaneados por el duque y el gran Cardenal ayudar\u00edan en 1476 a ganar la decisiva batalla de Toro. <\/p>\n<p>El duque tuvo posesiones tanto en Castilla como en Arag\u00f3n, pero su relevancia pol\u00edtica no es comparable a la de su hermano Pedro (el Gran Cardenal) y su padre. Mejor\u00f3 el castillo de Manzanares y las posesiones en Guadalajara capital, y fue devoto del Monasterio de Sopetr\u00e1n. \u00c9l y sus descendientes eran, en la pr\u00e1ctica, los due\u00f1os de la ciudad de Guadalajara, aunque no sus Se\u00f1ores, pues la ciudad de Guadalajara era de Realengo. Cas\u00f3 en 1436 con Brianda de Luna, prima del antiguo enemigo de su padre el Condestable D. Alvaro de Luna, con lo que comenzaran a unirse las casas de Mendozas y Lunas.<\/p>\n<p>La sexta duquesa del Infantado, do\u00f1a Ana de Mendoza, fue heredada por su nieto, Rodrigo D\u00edaz de Vivar, que fue virrey de Sicilia, y que no tuvo descendencia. A la muerte de \u00e9ste, el ducado estuvo en posesi\u00f3n de la familia de Silva durante algunos a\u00f1os, pero, en 1841 la l\u00ednea sucesoria directa, que hasta el momento hab\u00eda sido m\u00e1s o menos hereditaria, se interrumpi\u00f3, y la casa del Infantado, junto con todos sus t\u00edtulos, pas\u00f3 a manos de los Osuna. A la muerte del duque de este nombre, acaecida en 1882, el t\u00edtulo pas\u00f3 a la persona de Andr\u00e9s Avelino Arteaga, que pertenec\u00eda a otro linaje, el de los Valmediano, y que fue el decimos\u00e9ptimo duque del Infantado.<\/p>\n<h3>Genealog\u00eda de los duques del Infantado<\/h3>\n<ul class=\"list1\">\n<li><strong>Diego Hurtado de Mendoza y Figueroa<\/strong> (1415 o 17?-1479), Primer Duque del Infantado.<\/li>\n<li><strong>\u00cd\u00f1igo L\u00f3pez de Mendoza y Luna<\/strong>  (1438-1500), Segundo Duque del Infantado.<\/li>\n<li><strong>Diego Hurtado de Mendoza y Luna<\/strong>  (1461-1531), Tercer Duque del Infantado, llamado El Grande.<\/li>\n<li><strong>\u00cd\u00f1igo L\u00f3pez de Mendoza y Pimentel<\/strong>  (1493-1566), Cuarto Duque del Infantado.<\/li>\n<li><strong>Diego Hurtado de Mendoza<\/strong>  (1520-1560), Conde de Salda\u00f1a e hijo mayor del Cuarto Duque, casado con la Marquesa de Cenete.<\/li>\n<li><strong>Pedro Gonz\u00e1lez de Mendoza<\/strong> , Obispo hijo del Cuarto Duque, muerto en 1574.<\/li>\n<li><strong>\u00cd\u00f1igo L\u00f3pez de Mendoza<\/strong>  (1536-1601), nieto del Cuarto Duque que fue Quinto Duque del Infantado y heredero del Marquesado de Cenete.<\/li>\n<li><strong>Ana de Mendoza<\/strong>  (1554-1633), Sexta Duquesa.<\/li>\n<li><strong>Juan Hurtado de Mendoza de la Vega y Luna<\/strong> , Sexto Duque Consorte del Infantado, muerto en 1624.<\/li>\n<li><strong>Luisa de Mendoza<\/strong>  (1582-1619), Condesa de Salda\u00f1a, hija mayor de la Sexta Duquesa.<\/li>\n<li><strong>Rodrigo D\u00edaz de Vivar Sandoval y Mendoza<\/strong>  (1614-1657), S\u00e9ptimo Duque.<\/li>\n<li><strong>Catalina G\u00f3mez de Sandoval y Mendoza<\/strong>  (1616-1686), Octava Duquesa del Infantado y Duquesa Consorte de Pastrana.<\/li>\n<li><strong>Gregorio Mar\u00eda de Silva y Mendoza<\/strong>  (1649-1693), Quinto Duque de Pastrana, Noveno Duque del Infantado y S\u00e9ptimo Duque de Lerma.<\/li>\n<li><strong>Juan de Dios de Silva y Mendoza y Haro<\/strong>  (1672-1737), Sexto Duque de Pastrana, S\u00e9ptimo Duque de Lerma y D\u00e9cimo Duque del Infantado.<\/li>\n<li><strong>Mar\u00eda Francisca de Silva Mendoza y Sandoval<\/strong>  (1707-1770), Und\u00e9cima Duquesa del Infantado, casada con el Marqu\u00e9s de T\u00e1vara.<\/li>\n<li><strong>Pedro Alc\u00e1ntara de Toledo y Silva<\/strong>  (1729-1790), Duod\u00e9cimo Duque del Infantado y heredero de los t\u00edtulos de T\u00e1vara, Lerma y Pastrana.<\/li>\n<li><strong>Pedro Alc\u00e1ntara de Toledo y Salm-Salm<\/strong>  (1768-1841), Decimotercero Duque del Infantado.<\/li>\n<li><strong>Pedro de Alc\u00e1ntara T\u00e9llez Gir\u00f3n y Beaufort<\/strong>  (1810-1844), Und\u00e9cimo Duque de Osuna, Conde de Benavente y Decimocuarto Duque del Infantado. Sobrino-nieto del Decimotercero Duque del Infantado, Pedro tuvo el t\u00edtulo tres a\u00f1os, era soltero y muri\u00f3 de repente.<\/li>\n<li><strong>Mariano T\u00e9llez Gir\u00f3n y Beaufort Spontin<\/strong>  (1814-1882), Decimoquinto Duque del Infantado y Duod\u00e9cimo Duque de Osuna, hermano de Pedro de Alc\u00e1ntara T\u00e9llez Gir\u00f3n y Beaufort.<\/li>\n<li><strong>Andr\u00e9s Avelino de Arteaga y Silva Carvajal y T\u00e9llez Gir\u00f3n<\/strong>  (1833-1910), Decimosexto Duque del Infantado, sobrino del Duque de Osuna.<\/li>\n<li><strong>Joaqu\u00edn de Arteaga y Echague Silva y M\u00e9ndez de Vigo<\/strong>  (1870-1947), Decimos\u00e9ptimo Duque del Infantado e hijo de Andr\u00e9s Avelino de Arteaga y Silva Carvajal y T\u00e9llez Gir\u00f3n.<\/li>\n<li><strong>\u00cd\u00f1igo de Arteaga y Falguera<\/strong>  (1905-1997), Decimoctavo Duque del Infantado.<\/li>\n<li><strong>\u00cd\u00f1igo de Arteaga y Mart\u00edn <\/strong> (1941), el actual Decimonoveno Duque del Infantado<\/li>\n<\/ul>\n<h3>El Castillo nuevo de Manzanares el Real<\/h3>\n<figure><img decoding=\"async\" alt=\"\" src=\"\/wp-content\/uploads\/2015\/05\/castillo1.jpg\"><\/figure>\n<p>El Castillo nuevo de Manzanares el Real, conocido tambi\u00e9n como Castillo de los Mendoza, es un palacio-fortaleza erguido en el siglo XV en el municipio de Manzanares el Real (Comunidad de Madrid, Espa\u00f1a), junto al embalse de Santillana y al pie de la Sierra de Guadarrama.<\/p>\n<p>Sus obras comenzaron en 1475 sobre una ermita rom\u00e1nico-mud\u00e9jar y hoy es uno de los castillos mejor conservados de la Comunidad de Madrid. Fue levantado al borde del r\u00edo Manzanares, como palacio residencial de la Casa de Mendoza, en las inmediaciones de una fortaleza primitiva, abandonada una vez construido el nuevo edificio.<\/p>\n<p>El castillo alberga actualmente un museo de los castillos espa\u00f1oles y es sede de una colecci\u00f3n de tapices. Fue declarado Monumento Hist\u00f3rico-Art\u00edstico en el a\u00f1o 1931. Es propiedad del Ducado del Infantado, si bien su administraci\u00f3n y uso corresponde a la Comunidad de Madrid.<\/p>\n<p>&nbsp;<\/p>\n<h3>El palacio de los Duques del Infantado<\/h3>\n<figure><img decoding=\"async\" alt=\"\" src=\"\/wp-content\/uploads\/2015\/05\/palacio-duques.jpg\"><\/figure>\n<p>El palacio de los Duques del Infantado es un palacio de estilo g\u00f3tico isabelino con elementos renacentistas situado en Guadalajara (Espa\u00f1a) y que fue mandado construir por \u00cd\u00f1igo L\u00f3pez de Mendoza y Luna, segundo duque del Infantado, a finales del siglo XV.<\/p>\n<p>&nbsp;<\/p>\n<h3>El castillo de La Calahorra<\/h3>\n<figure><img decoding=\"async\" alt=\"\" src=\"\/wp-content\/uploads\/2015\/07\/castillo-calahorra.jpg\"><\/figure>\n<p>El castillo de La Calahorra se alza sobre una colina a 1.250 msnm que domina visualmente el marquesado del Cenete, en el municipio espa\u00f1ol de La Calahorra, provincia de Granada, comunidad aut\u00f3noma de Andaluc\u00eda.<br \/>\nEn cuanto a su valor hist\u00f3rico, destaca como testimonio de un cap\u00edtulo fundamental en la historia de la comarca del Cenete en el siglo XVI, mayorazgo fundado por el cardenal Mendoza a favor de su hijo don Rodrigo D\u00edaz de Vivar. Representa un caso anacr\u00f3nico en una \u00e9poca en la que la monarqu\u00eda ordenaba derribar las fortalezas para consolidar su presencia ante el pueblo, y con el fin de evitar que se perpetuaran las relaciones de la vieja nobleza feudal, \u00f3rdenes que cuentan con esta excepci\u00f3n realizada a la poderosa casa militar de los Mendoza.<\/p>\n<\/div>\n","protected":false},"excerpt":{"rendered":"<p>La familia Mendoza, originaria de Mendoza (\u00c1lava), es una de las m\u00e1s importantes e influyentes de la Historia de Espa\u00f1a. Sus principales t\u00edtulos nobiliarios son los de Duque del Infantado y Marqu\u00e9s de Santillana. Seg\u00fan narra el historiador espa\u00f1ol Luis Su\u00e1rez en su libro \u00abNobleza y Sociedad\u00bb, es de las pocas familias que ya eran &hellip; <a onclick=\"javascript:pageTracker._trackPageview('\/outgoing\/www.condedelamonclova.com\/?page_id=1139');\"  href=\"https:\/\/www.condedelamonclova.com\/?page_id=1139\" class=\"more-link\">Contin\u00faa leyendo <span class=\"screen-reader-text\">La familia Infantado<\/span><\/a><\/p>\n","protected":false},"author":1,"featured_media":0,"parent":0,"menu_order":0,"comment_status":"open","ping_status":"open","template":"","meta":{"ngg_post_thumbnail":0,"footnotes":""},"_links":{"self":[{"href":"https:\/\/www.condedelamonclova.com\/index.php?rest_route=\/wp\/v2\/pages\/1139"}],"collection":[{"href":"https:\/\/www.condedelamonclova.com\/index.php?rest_route=\/wp\/v2\/pages"}],"about":[{"href":"https:\/\/www.condedelamonclova.com\/index.php?rest_route=\/wp\/v2\/types\/page"}],"author":[{"embeddable":true,"href":"https:\/\/www.condedelamonclova.com\/index.php?rest_route=\/wp\/v2\/users\/1"}],"replies":[{"embeddable":true,"href":"https:\/\/www.condedelamonclova.com\/index.php?rest_route=%2Fwp%2Fv2%2Fcomments&post=1139"}],"version-history":[{"count":6,"href":"https:\/\/www.condedelamonclova.com\/index.php?rest_route=\/wp\/v2\/pages\/1139\/revisions"}],"predecessor-version":[{"id":1221,"href":"https:\/\/www.condedelamonclova.com\/index.php?rest_route=\/wp\/v2\/pages\/1139\/revisions\/1221"}],"wp:attachment":[{"href":"https:\/\/www.condedelamonclova.com\/index.php?rest_route=%2Fwp%2Fv2%2Fmedia&parent=1139"}],"curies":[{"name":"wp","href":"https:\/\/api.w.org\/{rel}","templated":true}]}}

<div class="caption">
<p>La familia Mendoza, originaria de Mendoza (Álava), es una de las más importantes e influyentes de la Historia de España. Sus principales títulos nobiliarios son los de Duque del Infantado y Marqués de Santillana. Según narra el historiador español Luis Suárez en su libro «Nobleza y Sociedad», es de las pocas familias que ya eran nobles antes del siglo XIII y que sobreviven ese fatídico siglo de pestes y guerras civiles.</p>
<p>La Casa del Infantado es una casa nobiliaria española, originaria de la Corona de Castilla. Su nombre proviene del ducado del Infantado, título con Grandeza de España.</p>
<p>El Ducado del Infantado es un título nobiliario español concedido por los Reyes Católicos el 22 de julio de 1475 a Diego Hurtado de Mendoza, II Marqués de Santillana. En 1520 se le concedió la Grandeza de España de primera clase. Da nombre a la Casa del Infantado.<br />
Los Reyes Católicos crearon también en 1479 el Condado de Saldaña, para que lo ostentaran los herederos del ducado del Infantado. En esos momentos, el hijo y heredero de Diego Hurtado de Mendoza, era Íñigo López de Mendoza, que se convirtió en el I conde de Saldaña, después II duque del Infantado.</p>
<p>A partir de ese momento todos los herederos del ducado, han sido condes de Saldaña, ostentando también el Marquesado de Santillana, como primer título que ostentó la familia Mendoza.</p>
<p>Don Diego Hurtado de Mendoza y Figueroa (1415 &#8211; 1479) era el primer hijo y heredero de Don Iñigo López de Mendoza (primer Marqués de Santillana) y fue llamado como su abuelo. Fue, pues, el segundo marqués de Santillana y Conde del Real de Manzanares. Nació en Guadalajara y murió en Manzanares el Real. De mozo su padre le envió a pacificar los valles de las Asturias de Santillana.
</p>
<p>Enrique IV no se llevaba bien con Diego y aunque primero le expulsara de Guadalajara en 1459, le concedió en 1460 el título de Conde de Saldaña para los primogénitos de su Casa (en pago al apoyo de los Mendoza) volviendo Diego a Guadalajara en 1462. Diego también luchó en la frontera de Granada. </p>
<p>Como todos los Mendoza fue primeramente partidario y guardián de la princesa Juana <strong>«la Beltraneja»</strong>, pero tras el nombramiento de su hermano Pedro como Cardenal éste se decantó en 1473 hacia el bando de Isabel y Fernando, y tras una entrevista secreta con Fernando <strong>(camino de Duañas «anduvieron dos largas leguas a solas»)</strong> e Isabel (cerca de Segovia) Diego pasaría con toda su familia en mayo de 1474 a apoyar a los futuros Reyes Católicos. En estos «tejemanejes políticos» Diego siguió la línea marcada por su hermano el Cardenal Pedro. </p>
<p>En la guerra civil por la sucesión al trono al morir Enrique IV, su actuación, fue agradecida por la Reina. Por ello unió en 1475 al título (y las riquezas) de Marqués de Santillana el de Duque del Infantado, que posteriormente formaría parte de la llamada <strong>«Grandeza de España de Primera Clase»</strong> y con derecho a cubrirse con un sombrero en presencia del Rey. El título completo es <strong>«Duque de las Cinco Villas del Estado del Infantado»</strong>, destacando entre esas villas las de Alcocer, Salmerón y Valdeolivas. La divisa de los Duques era «Dar es señorío, recibir es servidumbre», indicando que por sus riquezas no necesitaban servir a un señor más alto que ellos para recibir a cambio recompensa alguna. Los Mendoza capitaneados por el duque y el gran Cardenal ayudarían en 1476 a ganar la decisiva batalla de Toro. </p>
<p>El duque tuvo posesiones tanto en Castilla como en Aragón, pero su relevancia política no es comparable a la de su hermano Pedro (el Gran Cardenal) y su padre. Mejoró el castillo de Manzanares y las posesiones en Guadalajara capital, y fue devoto del Monasterio de Sopetrán. Él y sus descendientes eran, en la práctica, los dueños de la ciudad de Guadalajara, aunque no sus Señores, pues la ciudad de Guadalajara era de Realengo. Casó en 1436 con Brianda de Luna, prima del antiguo enemigo de su padre el Condestable D. Alvaro de Luna, con lo que comenzaran a unirse las casas de Mendozas y Lunas.</p>
<p>La sexta duquesa del Infantado, doña Ana de Mendoza, fue heredada por su nieto, Rodrigo Díaz de Vivar, que fue virrey de Sicilia, y que no tuvo descendencia. A la muerte de éste, el ducado estuvo en posesión de la familia de Silva durante algunos años, pero, en 1841 la línea sucesoria directa, que hasta el momento había sido más o menos hereditaria, se interrumpió, y la casa del Infantado, junto con todos sus títulos, pasó a manos de los Osuna. A la muerte del duque de este nombre, acaecida en 1882, el título pasó a la persona de Andrés Avelino Arteaga, que pertenecía a otro linaje, el de los Valmediano, y que fue el decimoséptimo duque del Infantado.</p>
<h3>Genealogía de los duques del Infantado</h3>
<ul class="list1">
<li><strong>Diego Hurtado de Mendoza y Figueroa</strong> (1415 o 17?-1479), Primer Duque del Infantado.</li>
<li><strong>Íñigo López de Mendoza y Luna</strong>  (1438-1500), Segundo Duque del Infantado.</li>
<li><strong>Diego Hurtado de Mendoza y Luna</strong>  (1461-1531), Tercer Duque del Infantado, llamado El Grande.</li>
<li><strong>Íñigo López de Mendoza y Pimentel</strong>  (1493-1566), Cuarto Duque del Infantado.</li>
<li><strong>Diego Hurtado de Mendoza</strong>  (1520-1560), Conde de Saldaña e hijo mayor del Cuarto Duque, casado con la Marquesa de Cenete.</li>
<li><strong>Pedro González de Mendoza</strong> , Obispo hijo del Cuarto Duque, muerto en 1574.</li>
<li><strong>Íñigo López de Mendoza</strong>  (1536-1601), nieto del Cuarto Duque que fue Quinto Duque del Infantado y heredero del Marquesado de Cenete.</li>
<li><strong>Ana de Mendoza</strong>  (1554-1633), Sexta Duquesa.</li>
<li><strong>Juan Hurtado de Mendoza de la Vega y Luna</strong> , Sexto Duque Consorte del Infantado, muerto en 1624.</li>
<li><strong>Luisa de Mendoza</strong>  (1582-1619), Condesa de Saldaña, hija mayor de la Sexta Duquesa.</li>
<li><strong>Rodrigo Díaz de Vivar Sandoval y Mendoza</strong>  (1614-1657), Séptimo Duque.</li>
<li><strong>Catalina Gómez de Sandoval y Mendoza</strong>  (1616-1686), Octava Duquesa del Infantado y Duquesa Consorte de Pastrana.</li>
<li><strong>Gregorio María de Silva y Mendoza</strong>  (1649-1693), Quinto Duque de Pastrana, Noveno Duque del Infantado y Séptimo Duque de Lerma.</li>
<li><strong>Juan de Dios de Silva y Mendoza y Haro</strong>  (1672-1737), Sexto Duque de Pastrana, Séptimo Duque de Lerma y Décimo Duque del Infantado.</li>
<li><strong>María Francisca de Silva Mendoza y Sandoval</strong>  (1707-1770), Undécima Duquesa del Infantado, casada con el Marqués de Távara.</li>
<li><strong>Pedro Alcántara de Toledo y Silva</strong>  (1729-1790), Duodécimo Duque del Infantado y heredero de los títulos de Távara, Lerma y Pastrana.</li>
<li><strong>Pedro Alcántara de Toledo y Salm-Salm</strong>  (1768-1841), Decimotercero Duque del Infantado.</li>
<li><strong>Pedro de Alcántara Téllez Girón y Beaufort</strong>  (1810-1844), Undécimo Duque de Osuna, Conde de Benavente y Decimocuarto Duque del Infantado. Sobrino-nieto del Decimotercero Duque del Infantado, Pedro tuvo el título tres años, era soltero y murió de repente.</li>
<li><strong>Mariano Téllez Girón y Beaufort Spontin</strong>  (1814-1882), Decimoquinto Duque del Infantado y Duodécimo Duque de Osuna, hermano de Pedro de Alcántara Téllez Girón y Beaufort.</li>
<li><strong>Andrés Avelino de Arteaga y Silva Carvajal y Téllez Girón</strong>  (1833-1910), Decimosexto Duque del Infantado, sobrino del Duque de Osuna.</li>
<li><strong>Joaquín de Arteaga y Echague Silva y Méndez de Vigo</strong>  (1870-1947), Decimoséptimo Duque del Infantado e hijo de Andrés Avelino de Arteaga y Silva Carvajal y Téllez Girón.</li>
<li><strong>Íñigo de Arteaga y Falguera</strong>  (1905-1997), Decimoctavo Duque del Infantado.</li>
<li><strong>Íñigo de Arteaga y Martín </strong> (1941), el actual Decimonoveno Duque del Infantado</li>
</ul>
<h3>El Castillo nuevo de Manzanares el Real</h3>
<figure><img decoding="async" alt="" src="/wp-content/uploads/2015/05/castillo1.jpg"></figure>
<p>El Castillo nuevo de Manzanares el Real, conocido también como Castillo de los Mendoza, es un palacio-fortaleza erguido en el siglo XV en el municipio de Manzanares el Real (Comunidad de Madrid, España), junto al embalse de Santillana y al pie de la Sierra de Guadarrama.</p>
<p>Sus obras comenzaron en 1475 sobre una ermita románico-mudéjar y hoy es uno de los castillos mejor conservados de la Comunidad de Madrid. Fue levantado al borde del río Manzanares, como palacio residencial de la Casa de Mendoza, en las inmediaciones de una fortaleza primitiva, abandonada una vez construido el nuevo edificio.</p>
<p>El castillo alberga actualmente un museo de los castillos españoles y es sede de una colección de tapices. Fue declarado Monumento Histórico-Artístico en el año 1931. Es propiedad del Ducado del Infantado, si bien su administración y uso corresponde a la Comunidad de Madrid.</p>
<p>&nbsp;</p>
<h3>El palacio de los Duques del Infantado</h3>
<figure><img decoding="async" alt="" src="/wp-content/uploads/2015/05/palacio-duques.jpg"></figure>
<p>El palacio de los Duques del Infantado es un palacio de estilo gótico isabelino con elementos renacentistas situado en Guadalajara (España) y que fue mandado construir por Íñigo López de Mendoza y Luna, segundo duque del Infantado, a finales del siglo XV.</p>
<p>&nbsp;</p>
<h3>El castillo de La Calahorra</h3>
<figure><img decoding="async" alt="" src="/wp-content/uploads/2015/07/castillo-calahorra.jpg"></figure>
<p>El castillo de La Calahorra se alza sobre una colina a 1.250 msnm que domina visualmente el marquesado del Cenete, en el municipio español de La Calahorra, provincia de Granada, comunidad autónoma de Andalucía.<br />
En cuanto a su valor histórico, destaca como testimonio de un capítulo fundamental en la historia de la comarca del Cenete en el siglo XVI, mayorazgo fundado por el cardenal Mendoza a favor de su hijo don Rodrigo Díaz de Vivar. Representa un caso anacrónico en una época en la que la monarquía ordenaba derribar las fortalezas para consolidar su presencia ante el pueblo, y con el fin de evitar que se perpetuaran las relaciones de la vieja nobleza feudal, órdenes que cuentan con esta excepción realizada a la poderosa casa militar de los Mendoza.</p>
</div>

<p>La familia Mendoza, originaria de Mendoza (Álava), es una de las más importantes e influyentes de la Historia de España. Sus principales títulos nobiliarios son los de Duque del Infantado y Marqués de Santillana. Según narra el historiador español Luis Suárez en su libro «Nobleza y Sociedad», es de las pocas familias que ya eran &hellip; <a onclick="javascript:pageTracker._trackPageview('/outgoing/www.condedelamonclova.com/?page_id=1139');"  href="https://www.condedelamonclova.com/?page_id=1139" class="more-link">Continúa leyendo <span class="screen-reader-text">La familia Infantado</span></a></p>
